{"id":154,"date":"2015-07-16T09:12:44","date_gmt":"2015-07-16T09:12:44","guid":{"rendered":"http:\/\/test.kriesi.at\/minimal-portfolio\/?page_id=154"},"modified":"2021-02-11T10:57:16","modified_gmt":"2021-02-11T09:57:16","slug":"ueber-mich","status":"publish","type":"page","link":"http:\/\/www.nellyweissenberger.de\/kunst\/ueber-mich\/","title":{"rendered":"\u00dcber mich"},"content":{"rendered":"<div id='av_section_1'  class='avia-section av-145nae-e484183ac2512e581c4d3ad1f4531c95 main_color avia-section-huge avia-no-shadow  avia-builder-el-0  el_before_av_slideshow_full  avia-builder-el-first  avia-bg-style-scroll container_wrap fullsize'  ><div class='container av-section-cont-open' ><main  role=\"main\" itemprop=\"mainContentOfPage\"  class='template-page content  av-content-full alpha units'><div class='post-entry post-entry-type-page post-entry-154'><div class='entry-content-wrapper clearfix'>\n\n<style type=\"text\/css\" data-created_by=\"avia_inline_auto\" id=\"style-css-av-jfg5nepn-bd97e5ba368539c77ab80242598ca79d\">\n#top .flex_column.av-jfg5nepn-bd97e5ba368539c77ab80242598ca79d{\nmargin-top:0px;\nmargin-bottom:0px;\n}\n.flex_column.av-jfg5nepn-bd97e5ba368539c77ab80242598ca79d{\nborder-radius:0px 0px 0px 0px;\npadding:0px 0px 0px 0px;\n}\n.responsive #top #wrap_all .flex_column.av-jfg5nepn-bd97e5ba368539c77ab80242598ca79d{\nmargin-top:0px;\nmargin-bottom:0px;\n}\n<\/style>\n<div  class='flex_column av-jfg5nepn-bd97e5ba368539c77ab80242598ca79d av_one_full  avia-builder-el-1  avia-builder-el-no-sibling  first flex_column_div av-animated-generic fade-in av-zero-column-padding  '     ><style type=\"text\/css\" data-created_by=\"avia_inline_auto\" id=\"style-css-av-kl0o40dd-c3b823f6d59bf1622b9b023430251f79\">\n#top .av-special-heading.av-kl0o40dd-c3b823f6d59bf1622b9b023430251f79{\nmargin:40px 0 40px 0;\npadding-bottom:0;\n}\nbody .av-special-heading.av-kl0o40dd-c3b823f6d59bf1622b9b023430251f79 .av-special-heading-tag .heading-char{\nfont-size:25px;\n}\n.av-special-heading.av-kl0o40dd-c3b823f6d59bf1622b9b023430251f79 .av-subheading{\nfont-size:15px;\n}\n<\/style>\n<div  class='av-special-heading av-kl0o40dd-c3b823f6d59bf1622b9b023430251f79 av-special-heading-h1 blockquote modern-quote  avia-builder-el-2  avia-builder-el-no-sibling '><h1 class='av-special-heading-tag '  itemprop=\"headline\"  >Malen, das hei\u00dft sich ein Bild machen. Und einen Augenblick festzuhalten.<\/h1><div class=\"special-heading-border\"><div class=\"special-heading-inner-border\"><\/div><\/div><\/div><\/div>\n\n<\/div><\/div><\/main><!-- close content main element --><\/div><\/div><div id='full_slider_1'  class='avia-fullwidth-slider main_color avia-shadow   avia-builder-el-3  el_after_av_section  el_before_av_section   slider-not-first container_wrap fullsize'  ><div  class='avia-slideshow av-kkzjg9ix-6bc9065783d9699a680bf92073ce46f1 avia-slideshow-no scaling av_slideshow_full avia-fade-slider av-slideshow-ui av-control-default av-slideshow-autoplay av-loop-endless av-loop-manual-endless av-default-height-applied   avia-slideshow-1' data-slideshow-options=\"{&quot;animation&quot;:&quot;fade&quot;,&quot;autoplay&quot;:true,&quot;loop_autoplay&quot;:&quot;endless&quot;,&quot;interval&quot;:4,&quot;loop_manual&quot;:&quot;manual-endless&quot;,&quot;autoplay_stopper&quot;:false,&quot;noNavigation&quot;:false,&quot;bg_slider&quot;:false,&quot;keep_padding&quot;:false,&quot;hoverpause&quot;:false,&quot;show_slide_delay&quot;:0}\"  itemprop=\"image\" itemscope=\"itemscope\" itemtype=\"https:\/\/schema.org\/ImageObject\" ><ul class='avia-slideshow-inner ' style='padding-bottom: 62.933333333333%;'><li  class='avia-slideshow-slide av-kkzjg9ix-6bc9065783d9699a680bf92073ce46f1__0  slide-1 slide-odd'><div data-rel='slideshow-1' class='avia-slide-wrap '   ><img decoding=\"async\" loading=\"lazy\" class=\"wp-image-4780 avia-img-lazy-loading-4780\"  src=\"http:\/\/www.nellyweissenberger.de\/kunst\/wp-content\/uploads\/2021\/02\/Bannerani-1.jpg\" width=\"1500\" height=\"944\" title='Bannerani-1' alt=''  itemprop=\"thumbnailUrl\" srcset=\"http:\/\/www.nellyweissenberger.de\/kunst\/wp-content\/uploads\/2021\/02\/Bannerani-1.jpg 1500w, http:\/\/www.nellyweissenberger.de\/kunst\/wp-content\/uploads\/2021\/02\/Bannerani-1-300x189.jpg 300w, http:\/\/www.nellyweissenberger.de\/kunst\/wp-content\/uploads\/2021\/02\/Bannerani-1-1030x648.jpg 1030w, http:\/\/www.nellyweissenberger.de\/kunst\/wp-content\/uploads\/2021\/02\/Bannerani-1-768x483.jpg 768w, http:\/\/www.nellyweissenberger.de\/kunst\/wp-content\/uploads\/2021\/02\/Bannerani-1-705x444.jpg 705w\" sizes=\"auto, (max-width: 1500px) 100vw, 1500px\" \/><\/div><\/li><li  class='avia-slideshow-slide av-kkzjg9ix-6bc9065783d9699a680bf92073ce46f1__1  slide-2 slide-even'><div data-rel='slideshow-1' class='avia-slide-wrap '   ><img decoding=\"async\" loading=\"lazy\" class=\"wp-image-4781 avia-img-lazy-loading-4781\"  src=\"http:\/\/www.nellyweissenberger.de\/kunst\/wp-content\/uploads\/2021\/02\/Bannerani-2.jpg\" width=\"1500\" height=\"944\" title='Bannerani-2' alt=''  itemprop=\"thumbnailUrl\" srcset=\"http:\/\/www.nellyweissenberger.de\/kunst\/wp-content\/uploads\/2021\/02\/Bannerani-2.jpg 1500w, http:\/\/www.nellyweissenberger.de\/kunst\/wp-content\/uploads\/2021\/02\/Bannerani-2-300x189.jpg 300w, http:\/\/www.nellyweissenberger.de\/kunst\/wp-content\/uploads\/2021\/02\/Bannerani-2-1030x648.jpg 1030w, http:\/\/www.nellyweissenberger.de\/kunst\/wp-content\/uploads\/2021\/02\/Bannerani-2-768x483.jpg 768w, http:\/\/www.nellyweissenberger.de\/kunst\/wp-content\/uploads\/2021\/02\/Bannerani-2-705x444.jpg 705w\" sizes=\"auto, (max-width: 1500px) 100vw, 1500px\" \/><\/div><\/li><li  class='avia-slideshow-slide av-kkzjg9ix-6bc9065783d9699a680bf92073ce46f1__2  slide-3 slide-odd'><div data-rel='slideshow-1' class='avia-slide-wrap '   ><img decoding=\"async\" loading=\"lazy\" class=\"wp-image-4782 avia-img-lazy-loading-4782\"  src=\"http:\/\/www.nellyweissenberger.de\/kunst\/wp-content\/uploads\/2021\/02\/Bannerani-3.jpg\" width=\"1500\" height=\"944\" title='Bannerani-3' alt=''  itemprop=\"thumbnailUrl\" srcset=\"http:\/\/www.nellyweissenberger.de\/kunst\/wp-content\/uploads\/2021\/02\/Bannerani-3.jpg 1500w, http:\/\/www.nellyweissenberger.de\/kunst\/wp-content\/uploads\/2021\/02\/Bannerani-3-300x189.jpg 300w, http:\/\/www.nellyweissenberger.de\/kunst\/wp-content\/uploads\/2021\/02\/Bannerani-3-1030x648.jpg 1030w, http:\/\/www.nellyweissenberger.de\/kunst\/wp-content\/uploads\/2021\/02\/Bannerani-3-768x483.jpg 768w, http:\/\/www.nellyweissenberger.de\/kunst\/wp-content\/uploads\/2021\/02\/Bannerani-3-705x444.jpg 705w\" sizes=\"auto, (max-width: 1500px) 100vw, 1500px\" \/><\/div><\/li><\/ul><div class='avia-slideshow-arrows avia-slideshow-controls' ><a href='#prev' class='prev-slide  avia-svg-icon avia-font-svg_entypo-fontello' data-av_svg_icon='left-open-big' data-av_iconset='svg_entypo-fontello' tabindex='-1' title=\"Zur\u00fcck\"><svg version=\"1.1\" xmlns=\"http:\/\/www.w3.org\/2000\/svg\" width=\"15\" height=\"32\" viewBox=\"0 0 15 32\" preserveAspectRatio=\"xMidYMid meet\" aria-labelledby='av-svg-title-1' aria-describedby='av-svg-desc-1' role=\"graphics-symbol\" aria-hidden=\"true\">\n<title id='av-svg-title-1'>Zur\u00fcck<\/title>\n<desc id='av-svg-desc-1'>Zur\u00fcck<\/desc>\n<path d=\"M14.464 27.84q0.832 0.832 0 1.536-0.832 0.832-1.536 0l-12.544-12.608q-0.768-0.768 0-1.6l12.544-12.608q0.704-0.832 1.536 0 0.832 0.704 0 1.536l-11.456 11.904z\"><\/path>\n<\/svg><span class='avia_hidden_link_text'>Zur\u00fcck<\/span><\/a><a href='#next' class='next-slide  avia-svg-icon avia-font-svg_entypo-fontello' data-av_svg_icon='right-open-big' data-av_iconset='svg_entypo-fontello' tabindex='-1' title=\"Weiter\"><svg version=\"1.1\" xmlns=\"http:\/\/www.w3.org\/2000\/svg\" width=\"15\" height=\"32\" viewBox=\"0 0 15 32\" preserveAspectRatio=\"xMidYMid meet\" aria-labelledby='av-svg-title-2' aria-describedby='av-svg-desc-2' role=\"graphics-symbol\" aria-hidden=\"true\">\n<title id='av-svg-title-2'>Weiter<\/title>\n<desc id='av-svg-desc-2'>Weiter<\/desc>\n<path d=\"M0.416 27.84l11.456-11.84-11.456-11.904q-0.832-0.832 0-1.536 0.832-0.832 1.536 0l12.544 12.608q0.768 0.832 0 1.6l-12.544 12.608q-0.704 0.832-1.536 0-0.832-0.704 0-1.536z\"><\/path>\n<\/svg><span class='avia_hidden_link_text'>Weiter<\/span><\/a><\/div><div class='avia-slideshow-dots avia-slideshow-controls'><a href='#1' class='goto-slide active' >1<\/a><a href='#2' class='goto-slide ' >2<\/a><a href='#3' class='goto-slide ' >3<\/a><\/div><\/div><\/div>\n<div id='av_section_2'  class='avia-section av-145nae-8704d5e8ef74b02ad45c8d244e3c2c8b main_color avia-section-huge avia-no-shadow  avia-builder-el-4  el_after_av_slideshow_full  avia-builder-el-last  avia-bg-style-scroll container_wrap fullsize'  ><div class='container av-section-cont-open' ><div class='template-page content  av-content-full alpha units'><div class='post-entry post-entry-type-page post-entry-154'><div class='entry-content-wrapper clearfix'>\n\n<style type=\"text\/css\" data-created_by=\"avia_inline_auto\" id=\"style-css-av-1kbp16-3421f18de359c4df72201708db8118ca\">\n.flex_column.av-1kbp16-3421f18de359c4df72201708db8118ca{\nborder-radius:0px 0px 0px 0px;\npadding:0px 0px 0px 0px;\n}\n<\/style>\n<div  class='flex_column av-1kbp16-3421f18de359c4df72201708db8118ca av_one_half  avia-builder-el-5  el_before_av_one_half  avia-builder-el-first  first flex_column_div av-animated-generic bottom-to-top av-zero-column-padding  '     ><p>\n<style type=\"text\/css\" data-created_by=\"avia_inline_auto\" id=\"style-css-av-av_heading-587dc5ca71db1bfddd2d1c7192177f30\">\n#top .av-special-heading.av-av_heading-587dc5ca71db1bfddd2d1c7192177f30{\npadding-bottom:10px;\n}\nbody .av-special-heading.av-av_heading-587dc5ca71db1bfddd2d1c7192177f30 .av-special-heading-tag .heading-char{\nfont-size:25px;\n}\n.av-special-heading.av-av_heading-587dc5ca71db1bfddd2d1c7192177f30 .av-subheading{\nfont-size:15px;\n}\n<\/style>\n<div  class='av-special-heading av-av_heading-587dc5ca71db1bfddd2d1c7192177f30 av-special-heading-h2 blockquote modern-quote  avia-builder-el-6  el_before_av_textblock  avia-builder-el-first '><h2 class='av-special-heading-tag '  itemprop=\"headline\"  >Nelly Weissenberger<\/h2><div class=\"special-heading-border\"><div class=\"special-heading-inner-border\"><\/div><\/div><\/div><br \/>\n<section  class='av_textblock_section av-175vxm-333614bf8b3453b89f7cf28edee84185 '   itemscope=\"itemscope\" itemtype=\"https:\/\/schema.org\/CreativeWork\" ><div class='avia_textblock'  itemprop=\"text\" ><p>&#8230;wurde 1944 in Paris geboren &#8211; der Vater Deutscher, die Mutter Franz\u00f6sin.<\/p>\n<p>Nach Jahren des &#8222;Gefangen-Seins&#8220; in der \u00fcberaus pr\u00e4zisen Kunst ihres Lehrberufes der Porzellanmalerei wandte sich Nelly Weissenberger dem Modedesign zu, um dann endg\u00fcltig ihre k\u00fcnstlerische Bestimmung in der Freiheit der Malerei zu finden.<\/p>\n<p>Anlass und Impedus ihres k\u00fcnstlerischen Schaffens stellt sie in einem ihrer Ausstellungskataloge gewisserma\u00dfen als Motto voran: <em>&#8222;Malen, das hei\u00dft sich ein Bild machen. Und einen Augenblick festzuhalten.&#8220;<\/em><\/p>\n<\/div><\/section><br \/>\n\n<style type=\"text\/css\" data-created_by=\"avia_inline_auto\" id=\"style-css-av-kl0otn0u-02bb57d54aa421e86e91e1c10dac6e41\">\n#top .hr.hr-invisible.av-kl0otn0u-02bb57d54aa421e86e91e1c10dac6e41{\nheight:50px;\n}\n<\/style>\n<div  class='hr av-kl0otn0u-02bb57d54aa421e86e91e1c10dac6e41 hr-invisible  avia-builder-el-8  el_after_av_textblock  el_before_av_image '><span class='hr-inner '><span class=\"hr-inner-style\"><\/span><\/span><\/div><br \/>\n\n<style type=\"text\/css\" data-created_by=\"avia_inline_auto\" id=\"style-css-av-kiomx7z5-601b0ff011779c00b6337a15f7cdd57d\">\n.avia-image-container.av-kiomx7z5-601b0ff011779c00b6337a15f7cdd57d img.avia_image{\nbox-shadow:none;\n}\n.avia-image-container.av-kiomx7z5-601b0ff011779c00b6337a15f7cdd57d .av-image-caption-overlay-center{\ncolor:#ffffff;\n}\n<\/style>\n<div  class='avia-image-container av-kiomx7z5-601b0ff011779c00b6337a15f7cdd57d av-styling- avia-align-center  avia-builder-el-9  el_after_av_hr  avia-builder-el-last '   itemprop=\"image\" itemscope=\"itemscope\" itemtype=\"https:\/\/schema.org\/ImageObject\" ><div class=\"avia-image-container-inner\"><div class=\"avia-image-overlay-wrap\"><img decoding=\"async\" fetchpriority=\"high\" class='wp-image-4123 avia-img-lazy-loading-not-4123 avia_image ' src=\"http:\/\/www.nellyweissenberger.de\/kunst\/wp-content\/uploads\/2020\/12\/weissenberger-malerei.jpg\" alt='' title='weissenberger-malerei'  height=\"672\" width=\"1000\"  itemprop=\"thumbnailUrl\" srcset=\"http:\/\/www.nellyweissenberger.de\/kunst\/wp-content\/uploads\/2020\/12\/weissenberger-malerei.jpg 1000w, http:\/\/www.nellyweissenberger.de\/kunst\/wp-content\/uploads\/2020\/12\/weissenberger-malerei-300x202.jpg 300w, http:\/\/www.nellyweissenberger.de\/kunst\/wp-content\/uploads\/2020\/12\/weissenberger-malerei-768x516.jpg 768w, http:\/\/www.nellyweissenberger.de\/kunst\/wp-content\/uploads\/2020\/12\/weissenberger-malerei-705x474.jpg 705w\" sizes=\"(max-width: 1000px) 100vw, 1000px\" \/><\/div><\/div><\/div><\/p><\/div>\n<style type=\"text\/css\" data-created_by=\"avia_inline_auto\" id=\"style-css-av-138ntu-7139479986216d7fd0f0cb518068a4e5\">\n.flex_column.av-138ntu-7139479986216d7fd0f0cb518068a4e5{\nborder-radius:0px 0px 0px 0px;\npadding:0px 0px 0px 0px;\n}\n<\/style>\n<div  class='flex_column av-138ntu-7139479986216d7fd0f0cb518068a4e5 av_one_half  avia-builder-el-10  el_after_av_one_half  avia-builder-el-last  flex_column_div av-animated-generic bottom-to-top av-zero-column-padding  '     ><p>\n<style type=\"text\/css\" data-created_by=\"avia_inline_auto\" id=\"style-css-av-kiomx7z5-3f144f0bd3e2206c647c090e55000e7e\">\n.avia-image-container.av-kiomx7z5-3f144f0bd3e2206c647c090e55000e7e img.avia_image{\nbox-shadow:none;\n}\n.avia-image-container.av-kiomx7z5-3f144f0bd3e2206c647c090e55000e7e .av-image-caption-overlay-center{\ncolor:#ffffff;\n}\n<\/style>\n<div  class='avia-image-container av-kiomx7z5-3f144f0bd3e2206c647c090e55000e7e av-styling- avia-align-center  avia-builder-el-11  el_before_av_hr  avia-builder-el-first '   itemprop=\"image\" itemscope=\"itemscope\" itemtype=\"https:\/\/schema.org\/ImageObject\" ><div class=\"avia-image-container-inner\"><div class=\"avia-image-overlay-wrap\"><img decoding=\"async\" fetchpriority=\"high\" class='wp-image-4120 avia-img-lazy-loading-not-4120 avia_image ' src=\"http:\/\/www.nellyweissenberger.de\/kunst\/wp-content\/uploads\/2020\/12\/nelly-weissenberger-1030x728.jpg\" alt='' title='nelly-weissenberger'  height=\"728\" width=\"1030\"  itemprop=\"thumbnailUrl\" srcset=\"http:\/\/www.nellyweissenberger.de\/kunst\/wp-content\/uploads\/2020\/12\/nelly-weissenberger-1030x728.jpg 1030w, http:\/\/www.nellyweissenberger.de\/kunst\/wp-content\/uploads\/2020\/12\/nelly-weissenberger-300x212.jpg 300w, http:\/\/www.nellyweissenberger.de\/kunst\/wp-content\/uploads\/2020\/12\/nelly-weissenberger-768x543.jpg 768w, http:\/\/www.nellyweissenberger.de\/kunst\/wp-content\/uploads\/2020\/12\/nelly-weissenberger-260x185.jpg 260w, http:\/\/www.nellyweissenberger.de\/kunst\/wp-content\/uploads\/2020\/12\/nelly-weissenberger-705x498.jpg 705w, http:\/\/www.nellyweissenberger.de\/kunst\/wp-content\/uploads\/2020\/12\/nelly-weissenberger.jpg 1255w\" sizes=\"(max-width: 1030px) 100vw, 1030px\" \/><\/div><\/div><\/div><br \/>\n\n<style type=\"text\/css\" data-created_by=\"avia_inline_auto\" id=\"style-css-av-kl0otn0u-d1a40121356b4a2146642e947bbd347b\">\n#top .hr.hr-invisible.av-kl0otn0u-d1a40121356b4a2146642e947bbd347b{\nheight:25px;\n}\n<\/style>\n<div  class='hr av-kl0otn0u-d1a40121356b4a2146642e947bbd347b hr-invisible  avia-builder-el-12  el_after_av_image  el_before_av_heading '><span class='hr-inner '><span class=\"hr-inner-style\"><\/span><\/span><\/div><br \/>\n\n<style type=\"text\/css\" data-created_by=\"avia_inline_auto\" id=\"style-css-av-av_heading-ddbede23bf8e868f07c130b1de6cc7c7\">\n#top .av-special-heading.av-av_heading-ddbede23bf8e868f07c130b1de6cc7c7{\npadding-bottom:10px;\n}\nbody .av-special-heading.av-av_heading-ddbede23bf8e868f07c130b1de6cc7c7 .av-special-heading-tag .heading-char{\nfont-size:25px;\n}\n.av-special-heading.av-av_heading-ddbede23bf8e868f07c130b1de6cc7c7 .av-subheading{\nfont-size:15px;\n}\n<\/style>\n<div  class='av-special-heading av-av_heading-ddbede23bf8e868f07c130b1de6cc7c7 av-special-heading-h2 blockquote modern-quote  avia-builder-el-13  el_after_av_hr  el_before_av_textblock '><h2 class='av-special-heading-tag '  itemprop=\"headline\"  >Mein Thema<\/h2><div class=\"special-heading-border\"><div class=\"special-heading-inner-border\"><\/div><\/div><\/div><br \/>\n<section  class='av_textblock_section av-175vxm-333614bf8b3453b89f7cf28edee84185 '   itemscope=\"itemscope\" itemtype=\"https:\/\/schema.org\/CreativeWork\" ><div class='avia_textblock'  itemprop=\"text\" ><p>Nelly Weissenbergers Thema ist die Natur mit einem klaren Schwerpunkt: Licht und Farben fremder L\u00e4nder. Ihre Farbwahl wirkt auf den Betrachter stets beruhigend, auch bei aggressiven Themen. Der Eindruck, der sich in den Bildern f\u00fcr den Betrachter als visuelle Zentren mit oft sehr detaillierter Aussage er\u00f6ffnet, setzt sich durch eine zumeist klare Grenzziehung ab von ausladenden einfarbigen Fl\u00e4chen.<\/p>\n<p>So werden Situationen fixiert, gelebtes Leben der unmittelbaren Gegenwart als Momentaufnahmen gebannt, pr\u00e4gende, entscheidende Eindr\u00fccke als Indiz des vergangenen oder als in die Zukunft deutender Traum, als Vision festgehalten.<\/p>\n<\/div><\/section><\/p><\/div>\n","protected":false},"excerpt":{"rendered":"","protected":false},"author":1,"featured_media":0,"parent":0,"menu_order":0,"comment_status":"open","ping_status":"open","template":"","meta":{"footnotes":""},"class_list":["post-154","page","type-page","status-publish","hentry"],"yoast_head":"<!-- This site is optimized with the Yoast SEO plugin v26.7 - https:\/\/yoast.com\/wordpress\/plugins\/seo\/ -->\n<title>\u00dcber mich - Malerin Nelly Weissenberger<\/title>\n<meta name=\"robots\" content=\"index, follow, max-snippet:-1, max-image-preview:large, max-video-preview:-1\" \/>\n<link rel=\"canonical\" href=\"http:\/\/www.nellyweissenberger.de\/kunst\/ueber-mich\/\" \/>\n<meta property=\"og:locale\" content=\"de_DE\" \/>\n<meta property=\"og:type\" content=\"article\" \/>\n<meta property=\"og:title\" content=\"\u00dcber mich - Malerin Nelly Weissenberger\" \/>\n<meta property=\"og:url\" content=\"http:\/\/www.nellyweissenberger.de\/kunst\/ueber-mich\/\" \/>\n<meta property=\"og:site_name\" content=\"Malerin Nelly Weissenberger\" \/>\n<meta property=\"article:modified_time\" content=\"2021-02-11T09:57:16+00:00\" \/>\n<meta name=\"twitter:card\" content=\"summary_large_image\" \/>\n<meta name=\"twitter:label1\" content=\"Gesch\u00e4tzte Lesezeit\" \/>\n\t<meta name=\"twitter:data1\" content=\"8\u00a0Minuten\" \/>\n<script type=\"application\/ld+json\" class=\"yoast-schema-graph\">{\"@context\":\"https:\/\/schema.org\",\"@graph\":[{\"@type\":\"WebPage\",\"@id\":\"http:\/\/www.nellyweissenberger.de\/kunst\/ueber-mich\/\",\"url\":\"http:\/\/www.nellyweissenberger.de\/kunst\/ueber-mich\/\",\"name\":\"\u00dcber mich - Malerin Nelly Weissenberger\",\"isPartOf\":{\"@id\":\"http:\/\/www.nellyweissenberger.de\/kunst\/#website\"},\"datePublished\":\"2015-07-16T09:12:44+00:00\",\"dateModified\":\"2021-02-11T09:57:16+00:00\",\"breadcrumb\":{\"@id\":\"http:\/\/www.nellyweissenberger.de\/kunst\/ueber-mich\/#breadcrumb\"},\"inLanguage\":\"de\",\"potentialAction\":[{\"@type\":\"ReadAction\",\"target\":[\"http:\/\/www.nellyweissenberger.de\/kunst\/ueber-mich\/\"]}]},{\"@type\":\"BreadcrumbList\",\"@id\":\"http:\/\/www.nellyweissenberger.de\/kunst\/ueber-mich\/#breadcrumb\",\"itemListElement\":[{\"@type\":\"ListItem\",\"position\":1,\"name\":\"Start\",\"item\":\"http:\/\/www.nellyweissenberger.de\/kunst\/\"},{\"@type\":\"ListItem\",\"position\":2,\"name\":\"\u00dcber mich\"}]},{\"@type\":\"WebSite\",\"@id\":\"http:\/\/www.nellyweissenberger.de\/kunst\/#website\",\"url\":\"http:\/\/www.nellyweissenberger.de\/kunst\/\",\"name\":\"Malerin Nelly Weissenberger\",\"description\":\"Malerei und Kunst aus M\u00fcnchen\",\"potentialAction\":[{\"@type\":\"SearchAction\",\"target\":{\"@type\":\"EntryPoint\",\"urlTemplate\":\"http:\/\/www.nellyweissenberger.de\/kunst\/?s={search_term_string}\"},\"query-input\":{\"@type\":\"PropertyValueSpecification\",\"valueRequired\":true,\"valueName\":\"search_term_string\"}}],\"inLanguage\":\"de\"}]}<\/script>\n<!-- \/ Yoast SEO plugin. -->","yoast_head_json":{"title":"\u00dcber mich - Malerin Nelly Weissenberger","robots":{"index":"index","follow":"follow","max-snippet":"max-snippet:-1","max-image-preview":"max-image-preview:large","max-video-preview":"max-video-preview:-1"},"canonical":"http:\/\/www.nellyweissenberger.de\/kunst\/ueber-mich\/","og_locale":"de_DE","og_type":"article","og_title":"\u00dcber mich - Malerin Nelly Weissenberger","og_url":"http:\/\/www.nellyweissenberger.de\/kunst\/ueber-mich\/","og_site_name":"Malerin Nelly Weissenberger","article_modified_time":"2021-02-11T09:57:16+00:00","twitter_card":"summary_large_image","twitter_misc":{"Gesch\u00e4tzte Lesezeit":"8\u00a0Minuten"},"schema":{"@context":"https:\/\/schema.org","@graph":[{"@type":"WebPage","@id":"http:\/\/www.nellyweissenberger.de\/kunst\/ueber-mich\/","url":"http:\/\/www.nellyweissenberger.de\/kunst\/ueber-mich\/","name":"\u00dcber mich - Malerin Nelly Weissenberger","isPartOf":{"@id":"http:\/\/www.nellyweissenberger.de\/kunst\/#website"},"datePublished":"2015-07-16T09:12:44+00:00","dateModified":"2021-02-11T09:57:16+00:00","breadcrumb":{"@id":"http:\/\/www.nellyweissenberger.de\/kunst\/ueber-mich\/#breadcrumb"},"inLanguage":"de","potentialAction":[{"@type":"ReadAction","target":["http:\/\/www.nellyweissenberger.de\/kunst\/ueber-mich\/"]}]},{"@type":"BreadcrumbList","@id":"http:\/\/www.nellyweissenberger.de\/kunst\/ueber-mich\/#breadcrumb","itemListElement":[{"@type":"ListItem","position":1,"name":"Start","item":"http:\/\/www.nellyweissenberger.de\/kunst\/"},{"@type":"ListItem","position":2,"name":"\u00dcber mich"}]},{"@type":"WebSite","@id":"http:\/\/www.nellyweissenberger.de\/kunst\/#website","url":"http:\/\/www.nellyweissenberger.de\/kunst\/","name":"Malerin Nelly Weissenberger","description":"Malerei und Kunst aus M\u00fcnchen","potentialAction":[{"@type":"SearchAction","target":{"@type":"EntryPoint","urlTemplate":"http:\/\/www.nellyweissenberger.de\/kunst\/?s={search_term_string}"},"query-input":{"@type":"PropertyValueSpecification","valueRequired":true,"valueName":"search_term_string"}}],"inLanguage":"de"}]}},"_links":{"self":[{"href":"http:\/\/www.nellyweissenberger.de\/kunst\/wp-json\/wp\/v2\/pages\/154","targetHints":{"allow":["GET"]}}],"collection":[{"href":"http:\/\/www.nellyweissenberger.de\/kunst\/wp-json\/wp\/v2\/pages"}],"about":[{"href":"http:\/\/www.nellyweissenberger.de\/kunst\/wp-json\/wp\/v2\/types\/page"}],"author":[{"embeddable":true,"href":"http:\/\/www.nellyweissenberger.de\/kunst\/wp-json\/wp\/v2\/users\/1"}],"replies":[{"embeddable":true,"href":"http:\/\/www.nellyweissenberger.de\/kunst\/wp-json\/wp\/v2\/comments?post=154"}],"version-history":[{"count":39,"href":"http:\/\/www.nellyweissenberger.de\/kunst\/wp-json\/wp\/v2\/pages\/154\/revisions"}],"predecessor-version":[{"id":4822,"href":"http:\/\/www.nellyweissenberger.de\/kunst\/wp-json\/wp\/v2\/pages\/154\/revisions\/4822"}],"wp:attachment":[{"href":"http:\/\/www.nellyweissenberger.de\/kunst\/wp-json\/wp\/v2\/media?parent=154"}],"curies":[{"name":"wp","href":"https:\/\/api.w.org\/{rel}","templated":true}]}}